{"id":195,"date":"2012-09-20T18:32:27","date_gmt":"2012-09-20T16:32:27","guid":{"rendered":"http:\/\/jaegger69.bplaced.net\/wordpress\/?page_id=195"},"modified":"2024-09-27T09:19:49","modified_gmt":"2024-09-27T08:19:49","slug":"produktkatalog","status":"publish","type":"page","link":"https:\/\/www.laewen.info\/?page_id=195","title":{"rendered":"Produktkataloge"},"content":{"rendered":"\n<p>Hier erhalten Sie eine \u00dcbersicht \u00fcber unser Produktportfolio:<\/p>\n\n\n\n<p><span style=\"color: #0000ff;\"><em><a href=\"https:\/\/www.laewen.info\/wordpress\/wp-content\/uploads\/2012\/09\/Server.pdf\" target=\"_blank\" rel=\"noopener\"><span style=\"color: #0000ff;\">Server Brosch\u00fcre<\/span><\/a>&nbsp;&nbsp;&nbsp;&nbsp;&nbsp;&nbsp;&nbsp;&nbsp;&nbsp;&nbsp;&nbsp;&nbsp;&nbsp;&nbsp;&nbsp;&nbsp;&nbsp;&nbsp;&nbsp;&nbsp;&nbsp;&nbsp;&nbsp;&nbsp;&nbsp;&nbsp;&nbsp;&nbsp;&nbsp;&nbsp;&nbsp;&nbsp;&nbsp;&nbsp;&nbsp;&nbsp;&nbsp;&nbsp;&nbsp;&nbsp;&nbsp;&nbsp;&nbsp;&nbsp;&nbsp;&nbsp;<\/em><em>&nbsp;&nbsp;&nbsp;&nbsp;&nbsp;&nbsp;&nbsp;&nbsp;&nbsp;&nbsp; <a href=\"https:\/\/www.laewen.info\/wordpress\/wp-content\/uploads\/2014\/01\/Notebook.pdf\" target=\"_blank\" rel=\"noopener\"><span style=\"color: #0000ff;\">Notebook Brosch\u00fcre<\/span><\/a><\/em><em>&nbsp;&nbsp;&nbsp;&nbsp;&nbsp;&nbsp;&nbsp;&nbsp;&nbsp;&nbsp;&nbsp;&nbsp;&nbsp;&nbsp;&nbsp;&nbsp;&nbsp;&nbsp; <\/em><\/span><\/p>\n\n\n\n<p><span style=\"color: #0000ff;\"><em><a title=\"All In One PC's\" href=\"https:\/\/www.laewen.info\/wordpress\/wp-content\/uploads\/2014\/01\/AllInOne_PC.pdf\" target=\"_blank\" rel=\"noopener\"><span style=\"color: #0000ff;\">AIO PC&#8217;s<\/span><\/a><\/em><em>&nbsp;&nbsp;&nbsp;&nbsp;&nbsp;&nbsp;&nbsp;&nbsp;&nbsp;&nbsp;&nbsp;&nbsp;&nbsp;&nbsp;&nbsp;&nbsp;&nbsp;&nbsp;&nbsp;&nbsp;&nbsp;&nbsp;&nbsp;&nbsp;&nbsp;&nbsp;&nbsp;&nbsp;&nbsp;&nbsp;&nbsp;&nbsp;&nbsp;&nbsp;&nbsp;&nbsp;&nbsp;&nbsp;&nbsp;&nbsp;&nbsp;&nbsp;&nbsp;&nbsp;&nbsp;&nbsp;&nbsp;&nbsp;&nbsp;&nbsp;&nbsp;&nbsp;&nbsp;&nbsp;&nbsp;&nbsp;&nbsp;&nbsp;&nbsp;&nbsp;&nbsp;&nbsp;&nbsp;&nbsp;&nbsp;&nbsp;&nbsp;&nbsp;&nbsp;&nbsp;&nbsp;&nbsp; <a title=\"Security Brosch\u00fcre\" href=\"https:\/\/www.laewen.info\/wordpress\/wp-content\/uploads\/2014\/01\/Secure.pdf\" target=\"_blank\" rel=\"noopener\"><span style=\"color: #0000ff;\">Security Brosch\u00fcre<\/span><\/a><\/em><em><\/em><\/span><\/p>\n\n\n\n<p><span style=\"color: #0000ff;\"><em><a href=\"https:\/\/www.laewen.info\/wordpress\/wp-content\/uploads\/2012\/09\/Tablet.pdf\" target=\"_blank\" rel=\"noopener\"><span style=\"color: #0000ff;\">Business Tablets<\/span><\/a><\/em><em>&nbsp;&nbsp;&nbsp;&nbsp;&nbsp;&nbsp;&nbsp;&nbsp;&nbsp;&nbsp;&nbsp;&nbsp;&nbsp;&nbsp;&nbsp;&nbsp;&nbsp;&nbsp;&nbsp;&nbsp;&nbsp;&nbsp;&nbsp;&nbsp;&nbsp;&nbsp;&nbsp;&nbsp;&nbsp;&nbsp;&nbsp;&nbsp;&nbsp;&nbsp;&nbsp;&nbsp;&nbsp;&nbsp;&nbsp;&nbsp;&nbsp;&nbsp;&nbsp;&nbsp;&nbsp;&nbsp;&nbsp;&nbsp;&nbsp;&nbsp;&nbsp;&nbsp;&nbsp;&nbsp;&nbsp;&nbsp;&nbsp;&nbsp; <a title=\"Gesamtkatalog\" href=\"http:\/\/shop.extracomputer.de\/tools\/shop\/Flyer&amp;Kataloge\/online\/2012\/produktkatalog\/offline\/download.pdf\" target=\"_blank\" rel=\"noopener\"><span style=\"color: #0000ff;\">Gesamtkatalog<\/span><\/a><\/em><\/span><\/p>\n\n\n\n<p><\/p>\n\n\n\n<p><\/p>\n\n\n\n<p><a href=\"https:\/\/www.wortmann.de\/de-de\/content\/downloads-prospekte.aspx\">Wortmann Terra Systeme<\/a><\/p>\n\n\n\n<figure class=\"wp-block-image size-full\"><a href=\"https:\/\/www.laewen.info\/wordpress\/wp-content\/uploads\/2024\/09\/terra-1.png\"><img loading=\"lazy\" decoding=\"async\" width=\"115\" height=\"32\" src=\"https:\/\/www.laewen.info\/wordpress\/wp-content\/uploads\/2024\/09\/terra-1.png\" alt=\"\" class=\"wp-image-386\"\/><\/a><\/figure>\n\n\n\n<p><\/p>\n","protected":false},"excerpt":{"rendered":"<p>Hier erhalten Sie eine \u00dcbersicht \u00fcber unser Produktportfolio: Server Brosch\u00fcre&nbsp;&nbsp;&nbsp;&nbsp;&nbsp;&nbsp;&nbsp;&nbsp;&nbsp;&nbsp;&nbsp;&nbsp;&nbsp;&nbsp;&nbsp;&nbsp;&nbsp;&nbsp;&nbsp;&nbsp;&nbsp;&nbsp;&nbsp;&nbsp;&nbsp;&nbsp;&nbsp;&nbsp;&nbsp;&nbsp;&nbsp;&nbsp;&nbsp;&nbsp;&nbsp;&nbsp;&nbsp;&nbsp;&nbsp;&nbsp;&nbsp;&nbsp;&nbsp;&nbsp;&nbsp;&nbsp;&nbsp;&nbsp;&nbsp;&nbsp;&nbsp;&nbsp;&nbsp;&nbsp;&nbsp;&nbsp; Notebook Brosch\u00fcre&nbsp;&nbsp;&nbsp;&nbsp;&nbsp;&nbsp;&nbsp;&nbsp;&nbsp;&nbsp;&nbsp;&nbsp;&nbsp;&nbsp;&nbsp;&nbsp;&nbsp;&nbsp; AIO PC&#8217;s&nbsp;&nbsp;&nbsp;&nbsp;&nbsp;&nbsp;&nbsp;&nbsp;&nbsp;&nbsp;&nbsp;&nbsp;&nbsp;&nbsp;&nbsp;&nbsp;&nbsp;&nbsp;&nbsp;&nbsp;&nbsp;&nbsp;&nbsp;&nbsp;&nbsp;&nbsp;&nbsp;&nbsp;&nbsp;&nbsp;&nbsp;&nbsp;&nbsp;&nbsp;&nbsp;&nbsp;&nbsp;&nbsp;&nbsp;&nbsp;&nbsp;&nbsp;&nbsp;&nbsp;&nbsp;&nbsp;&nbsp;&nbsp;&nbsp;&nbsp;&nbsp;&nbsp;&nbsp;&nbsp;&nbsp;&nbsp;&nbsp;&nbsp;&nbsp;&nbsp;&nbsp;&nbsp;&nbsp;&nbsp;&nbsp;&nbsp;&nbsp;&nbsp;&nbsp;&nbsp;&nbsp;&nbsp; Security Brosch\u00fcre Business Tablets&nbsp;&nbsp;&nbsp;&nbsp;&nbsp;&nbsp;&nbsp;&nbsp;&nbsp;&nbsp;&nbsp;&nbsp;&nbsp;&nbsp;&nbsp;&nbsp;&nbsp;&nbsp;&nbsp;&nbsp;&nbsp;&nbsp;&nbsp;&nbsp;&nbsp;&nbsp;&nbsp;&nbsp;&nbsp;&nbsp;&nbsp;&nbsp;&nbsp;&nbsp;&nbsp;&nbsp;&nbsp;&nbsp;&nbsp;&nbsp;&nbsp;&nbsp;&nbsp;&nbsp;&nbsp;&nbsp;&nbsp;&nbsp;&nbsp;&nbsp;&nbsp;&nbsp;&nbsp;&nbsp;&nbsp;&nbsp;&nbsp;&nbsp; Gesamtkatalog Wortmann Terra Systeme<\/p>\n","protected":false},"author":1,"featured_media":0,"parent":0,"menu_order":40,"comment_status":"closed","ping_status":"closed","template":"onecolumn-page.php","meta":{"footnotes":""},"class_list":["post-195","page","type-page","status-publish","hentry"],"_links":{"self":[{"href":"https:\/\/www.laewen.info\/index.php?rest_route=\/wp\/v2\/pages\/195"}],"collection":[{"href":"https:\/\/www.laewen.info\/index.php?rest_route=\/wp\/v2\/pages"}],"about":[{"href":"https:\/\/www.laewen.info\/index.php?rest_route=\/wp\/v2\/types\/page"}],"author":[{"embeddable":true,"href":"https:\/\/www.laewen.info\/index.php?rest_route=\/wp\/v2\/users\/1"}],"replies":[{"embeddable":true,"href":"https:\/\/www.laewen.info\/index.php?rest_route=%2Fwp%2Fv2%2Fcomments&post=195"}],"version-history":[{"count":39,"href":"https:\/\/www.laewen.info\/index.php?rest_route=\/wp\/v2\/pages\/195\/revisions"}],"predecessor-version":[{"id":392,"href":"https:\/\/www.laewen.info\/index.php?rest_route=\/wp\/v2\/pages\/195\/revisions\/392"}],"wp:attachment":[{"href":"https:\/\/www.laewen.info\/index.php?rest_route=%2Fwp%2Fv2%2Fmedia&parent=195"}],"curies":[{"name":"wp","href":"https:\/\/api.w.org\/{rel}","templated":true}]}}